Let x(n) = 8*n**2 + 13*n. Let s(o) = 9*o**2 + 10*o. Let p(r) = -4*s(r) + 3*x(r). Give p(2).
-50
Suppose 7*r + 2*k + 62 = 3*r, r + 8 = -3*k. Let x = r + 25. Suppose 0 = -5*u - 5*d, 0 = 5*u - 5*d + 2*d - x. Let c(j) = -j**3 + j**2 - 2*j + 1. Determine c(u).
-1
Let q(d) be the first derivative of 1/3*d**3 + 8 - 8*d - 3*d**2. Suppose 35*u + 56 = 43*u. Give q(u).
-1
Let r(p) = -p**3 + 4*p**2 - 2*p + 264. Let h be r(8). Let s(g) = -g**2 + 11*g + 17. Determine s(h).
-135
Let x = 2351 - 2349. Let n(y) = -4*y**2 + 0*y**2 + 3*y**2 - 2 + y + 0*y**2. Let m be n(x). Let r(z) = z**2 + 3*z - 4. What is r(m)?
0
Let w = 1027 - 1024. Let o(b) be the third derivative of 0*b + 0 + 7/6*b**w + 2*b**2 - 1/60*b**5 - 5/24*b**4. Calculate o(-6).
1
Let c(r) = 14 - r**3 + 3*r**2 - 5 - 2 + 6*r - 8 - 3*r. Determine c(4).
-5
Let q(h) = -h**3 - 19*h**2 - 13*h + 68. Let z be q(-18). Let w(u) = 2*u + 56. Calculate w(z).
12
Suppose -2*a - i - 24 = 0, a = 2*i + 4 - 16. Let p(h) be the first derivative of -h**4/4 - 13*h**3/3 - 11*h**2/2 + 12*h - 3. What is p(a)?
0
Suppose 24*y + 89 = 233. Let o = -6 + 8. Let b(i) = 65*i**2 - 3*i**3 - 71*i**o - 2*i + 4*i**3 + 8. Calculate b(y).
-4
Let h(d) = 8*d - 1. Let r be 2*(-12)/9*(-114)/(-76). Give h(r).
-33
Let c(h) = -12*h + 15. Let y(n) = -33*n + 38. Let g(t) = 8*c(t) - 3*y(t). Give g(4).
18
Let i(g) = -6*g + 4. Suppose 2 = -3*b - t, -4*t = -37*b + 33*b + 24. What is i(b)?
-2
Let m be 3 + ((-27)/6)/(-9). Let d(w) be the first derivative of 1 - w - 1/3*w**3 - m*w**2. Calculate d(-6).
5
Let z(v) = -104*v + 420. Let w be z(4). Suppose -3*n - 3*y = -18, 0*n - n - 10 = 5*y. Let q(x) = x + 10*x - 8 - n*x. Determine q(w).
-4
Let l(u) = -3 - 25*u**2 + 8*u**2 + 7*u**2 + 11*u**2. What is l(10)?
97
Let v(r) be the third derivative of -7/6*r**3 - 4*r**2 - 1/60*r**5 + 0 - 7/24*r**4 - 13*r. What is v(-5)?
3
Let m be 7 + ((-80)/(-25))/((-2)/5). Let y(f) be the second derivative of f**2/2 - 2*f. Let q(a) = a - 12. Let l(h) = m*q(h) - 5*y(h). Give l(3).
4
Let r(z) be the first derivative of z**5/120 + z**4/12 + 10*z**3 + 55. Let g(c) be the third derivative of r(c). What is g(-8)?
-6
Let z(r) = r**2 + 28*r + 73. Let d = -1649 + 1624. Give z(d).
-2
Suppose -j - 6 = -4*j. Let s(r) = -r - 4 + 4 + 0 + 2 - 2*r**j. Let m(v) = -2*v**2 + 19*v + 8. Let a be m(10). What is s(a)?
-4
Let x be (13 + 2 + -15)/(27/(-3)). Let d(z) = z**3 + z**2 - z - 1. Give d(x).
-1
Suppose -j + 4*r + 20 = 0, -r + 10 = 2*j + 6. Suppose j*n - 19 = -3*b - 22, 9 = 3*b. Let x(a) = a + 4. Determine x(n).
1
Let a(q) = -7*q**2 - 43*q + 222. Let j(h) = 3*h**2 + 22*h - 110. Let u(t) = 4*a(t) + 9*j(t). Give u(21).
3
Suppose 2 + 13 = 5*t. Let k be (t/(-5))/((-2)/(-10)). Let u(c) = -2*c**2 + 2*c + 3. Let w(b) = -b**2. Let j(x) = k*w(x) + u(x). Determine j(3).
18
Let j(l) = 5*l**2 + 5*l + 6. Let k(t) = -7*t**2 - 6*t - 7. Let s(q) = 5*j(q) + 4*k(q). Let i = 24 + -26. Give s(i).
-12
Let y(x) = -3*x**2 + 3*x**2 + 2*x + x + 598318 - 7*x**3 - 598316. Suppose -v - 4 = -3*i, 0 = 2*v - 5*i + 3 + 4. Calculate y(v).
6
Suppose 30*o = 343*o - 6573. Let r(j) = j**3 - 21*j**2 + 2*j - 13. Give r(o).
29
Suppose -110 + 125 = 5*a. Suppose 4*u + a*q = 2*q - 20, 2*q = 3*u + 26. Let r(h) = 5*h + 36. Let n be r(u). Let g(t) = -t**3 + 6*t**2 + t - 4. Calculate g(n).
2
Let f(x) = -105*x**2 - 8*x - 5. Let c(j) = 227*j**2 + 15*j + 11. Let r(b) = -6*c(b) - 13*f(b). What is r(-6)?
23
Suppose -4*s + 20 = 4*t, 0*t = -5*s + 4*t + 43. Let o(v) = -2*v**2 + s*v + 3 + 0*v - 6*v. Suppose 2*l + 3 = 9. Give o(l).
-12
Let l(n) = -n**3 - 4*n**2 + 6*n - 3. Suppose -2*a + 6*v + 11 = 5*v, 5*a = -v + 10. Suppose -a*z - 21 = 9. Let x be 4/z - (-46)/(-10). What is l(x)?
-8
Let l(z) = -6*z - 16. Suppose 10*n + 68 = -22. Calculate l(n).
38
Suppose 10*l - 237 = u + 14*l, -2*l = -u - 261. Let m = -245 - u. Let o(a) = -a**2 + 3*a + 7. What is o(m)?
-33
Let n be (-6)/9*(-8 + (-14)/(-28)). Let o(x) = 2*x**2 - 13*x + 26. What is o(n)?
11
Let d(c) be the first derivative of c**4/4 + 5*c**3/3 + 2*c**2 - c + 63. Suppose 0 = -5*x + 5, 40 = -j + 5*x + 5. Let u be 2/12 - (-95)/j. Give d(u).
5
Let i be 16/24*-6 + 5/(-1). Let l(x) be the first derivative of x**2/2 - 4*x + 18. Give l(i).
-13
Let w(o) = o - 12. Let b be w(9). Let g(h) = 20*h + 3. Let r(n) = 58*n + 9. Let t(q) = 17*g(q) - 6*r(q). Determine t(b).
21
Let j(t) = 3*t**2 + 14 + 50*t - 34*t - 18*t. Give j(4).
54
Suppose 0 = -2*y - 5*c - 25, 3*c + 0*c = 4*y + 11. Let s(b) = 5 + b**3 + 6*b**2 + 129*b - 50*b - 18*b - 59*b. What is s(y)?
20
Let n(g) be the third derivative of -g**6/120 - g**5/5 - g**4 - 3*g**3 + 511*g**2. What is n(-10)?
22
Let p(s) be the second derivative of -s**3/2 + 15*s**2/2 - 24*s. Let g(k) = k + 1. Let d(u) = -2*g(u) - p(u). Determine d(12).
-5
Let o(u) be the first derivative of u**4/4 + u**3 - 4*u**2 + 16*u + 544. Calculate o(-5).
6
Let k(b) = -14*b**2 - 7*b + 30. Suppose -3*h - 5*i + 23 = 0, -h + 5*i + 0*i + 1 = 0. Let n(a) = -5*a**2 - 3*a + 10. Let w(z) = h*k(z) - 17*n(z). Give w(-7).
-4
Let f(v) = 2*v**3 - 114*v**2 + 4*v - 15. Let c(m) = 18*m**2 - m - 1. Let j(d) = -5*c(d) - f(d). Give j(12).
32
Suppose -4*y + 3*r + 2 = -0*y, 5*y = 5*r. Let d(c) = 9 + 6*c + 2*c**y - c**2 + 2 + 5*c. Suppose -15 = m - 6*m, -5*f - 4*m - 33 = 0. Determine d(f).
-7
Let c(a) be the first derivative of a**2/2 - 34*a - 782. Determine c(18).
-16
Let r(q) = -2*q**3 - 12*q**2 + 4*q + 4. Let h be r(-6). Let c be 2/8 + (-95)/h. Let m(d) = d - 1. Let s(i) = 1. Let p(x) = -2*m(x) + s(x). What is p(c)?
-7
Suppose -1 = -j - 0. Let p(c) = -935. Let z(t) = t - 3742. Let r(h) = -4*p(h) + z(h). Determine r(j).
-1
Let i(b) = -4 - 2*b**2 + b**3 + 5 - 535*b + 531*b - 1. Suppose 0 = 2*h - 5*r - 3, 2 = -4*r - 2. Let u be (-2)/h + (8 - 7). Calculate i(u).
-3
Suppose -265*l + 156 = -253*l. Let x = 1 - 0. Let p(b) = b + x + 6 + 4 - l. Determine p(3).
1
Let g = -405 + 399. Let u(s) = -7*s - 12. Let p(y) = 8*y + 9. Let o(v) = 8*v + 10. Let j(l) = 4*o(l) - 3*p(l). Let b(a) = 5*j(a) + 6*u(a). What is b(g)?
5
Let o(m) = 3*m. Let h be 1/2 + 5/10. Suppose 0 = -5*i - u - 11, -i + 2*u - h = u. Let v be (-1)/((-4)/22 - i/(-110)). Give o(v).
15
Let a(o) = 2640*o**2 + 20 - 18*o - 2641*o**2 + 46. What is a(-21)?
3
Let p(o) = o. Let l(q) be the second derivative of -q**4/12 + q**3/3 - 3*q. Let n(y) = -3*l(y) + 6*p(y). Let v = 1047 + -1049. Give n(v).
12
Suppose 0 = 20*x - 12*x - 320. Let h be x/22 + 16/616*7. Let n(c) = 2*c**3 - c**2 + c + 2. Give n(h).
16
Suppose 12*d - 7*d = 3*a + 666, -d + 138 = a. Let b(u) = 139*u - 4 - 273*u + d*u. Let p(k) = k**2 + 7*k + 4. Let s be p(-5). Give b(s).
-10
Let u(b) = b - 11. Let h(n) = -16*n - 11*n + 36*n + 2*n**2 + 16. Let q be h(-4). Determine u(q).
1
Let d be (-9)/(-15) - 1 - 42/(-5). Let g(m) = 35*m + 3 - 1 - d - 36*m. Calculate g(-12).
6
Let y = 34691 - 34673. Let w(x) = 17*x - 307. Determine w(y).
-1
Let f(l) be the first derivative of -l**2 + 3*l - 10. Let n be f(-2). Let s(m) be the first derivative of m**4/4 - 8*m**3/3 + 4*m**2 - 4*m - 16. Determine s(n).
3
Suppose -4*c + 24 = -2*d - 2*c, 0 = -d - 2*c - 15. Let v = d + 16. Let f(i) = -3 - 5 + 0*i - 2*i - v*i + i**2. Calculate f(7).
6
Let p(m) = m**2 - 17*m + 11. Let v(n) = -2*n**2 + 47*n - 183. Let j be v(18). Calculate p(j).
-19
Let k(z) = -z**2 - z + 1. Let x(n) = n**3 + 18*n**2 + 16*n - 17. Let r = 360 - 359. Let b(f) = r*x(f) + 4*k(f). Determine b(-13).
0
Let k(n) = -n - 2. Let o be k(-5). Suppose -6 = -j - o. Let l(b) = -90*b + 2 + 116*b - 29*b. Give l(j).
-7
Let k(n) = -7*n**3 + n**2 + 4*n. Let y be k(-2). Suppose -2*f + 14 = -y. Let m(c) = 38*c + f*c - c**2 - 71*c + 4. Calculate m(3).
-5
Let k(a) = -45*a + 28. Let v(u) = -122*u + 83. Let t(o) = -11*k(o) + 4*v(o). What is t(-11)?
-53
Let d(o) = -14*o**2 - 4*o + 34*o**2 - 2*o**2 - 27 + 30 + 4*o**2. Calculate d(1).
21
Let r be ((-1)/2 - 220/40) + 0. Suppose 3*u + 18 = 3*f, -3*f - 12 = -8*f - u. Let l(s) = -4*s**3 - 5*s**2 + s**f + 4*s + 2*s**3 + 5 - 13. Determine l(r).
4
Let h = -788 - -793. Let j(m) = -2 - 41*m - 3*m**2 + 56*m - 8*m. Give j(h).
-42
Suppose -9 - 6 = -3*m. Let b = -12 - m. Let x(l) = -l**2 - 16*l + 21. Let t be x(b). Let c(o) = -o**3 + 5*o**2 - 6*o + 2. Give c(t).
-6
Let x(o) = -4*o**2 + 49*o + 33. Let v be (-40)/60*(-6 - (-1 + 87/6)). Calculate x(v).
-6
Let p(u) be